{"id":5233,"date":"2023-06-10T20:29:46","date_gmt":"2023-06-10T20:29:46","guid":{"rendered":"https:\/\/greenplastcol.com\/web\/?page_id=5233"},"modified":"2023-06-15T04:03:41","modified_gmt":"2023-06-15T04:03:41","slug":"politicas-de-privacidad","status":"publish","type":"page","link":"https:\/\/greenplastcol.com\/web\/politicas-de-privacidad\/","title":{"rendered":"POLITICAS DE PRIVACIDAD"},"content":{"rendered":"<div class=\"fusion-fullwidth fullwidth-box fusion-builder-row-1 fusion-flex-container nonhundred-percent-fullwidth non-hundred-percent-height-scrolling\" style=\"background-color: rgba(255,255,255,0);background-position: center center;background-repeat: no-repeat;border-width: 0px 0px 0px 0px;border-color:#eae9e9;border-style:solid;\" ><div class=\"fusion-builder-row fusion-row fusion-flex-align-items-flex-start\" style=\"max-width:1216.8px;margin-left: calc(-4% \/ 2 );margin-right: calc(-4% \/ 2 );\"><div class=\"fusion-layout-column fusion_builder_column fusion-builder-column-0 fusion_builder_column_1_1 1_1 fusion-flex-column\"><div class=\"fusion-column-wrapper fusion-flex-justify-content-flex-start fusion-content-layout-column\" style=\"background-position:left top;background-repeat:no-repeat;-webkit-background-size:cover;-moz-background-size:cover;-o-background-size:cover;background-size:cover;padding: 0px 0px 0px 0px;\"><div class=\"fusion-text fusion-text-1\"><p align=\"center\" style=\"text-align: center;\"><span style=\"background-color: rgba(255, 255, 255, 0); font-size: 14px;\"><font face=\"Poppins\"><b data-fusion-font=\"true\" style=\"font-size: 14px; font-family: Poppins;\" data-fusion-google-font=\"Poppins\" data-fusion-google-variant=\"400\">POL\u00cdTICAS<\/b><\/font><\/span><span style=\"font-size: x-large;\"><b data-fusion-font=\"true\" data-fusion-google-font=\"Poppins\" data-fusion-google-variant=\"400\" style=\"font-family: Poppins; font-size: 14px;\"> DE PRIVACIDAD<\/b><\/span><\/p>\n<p align=\"center\"><b><a name=\"_GoBack\" data-fusion-font=\"true\" data-fusion-google-font=\"Poppins\" data-fusion-google-variant=\"400\" style=\"font-family: Poppins; font-size: 14px;\"><\/a><\/b><\/p>\n<p align=\"center\" style=\"text-align: center;\"><span style=\"font-size: large;\"><b data-fusion-font=\"true\" data-fusion-google-font=\"Poppins\" data-fusion-google-variant=\"400\" style=\"font-family: Poppins; font-size: 14px;\">AVISO DE PRIVACIDAD<\/b><\/span><\/p>\n<p data-fusion-font=\"true\" style=\"text-align: justify; font-size: 14px; font-family: Poppins; font-weight: 400;\" data-fusion-google-font=\"Poppins\" data-fusion-google-variant=\"400\">GREENPLAST COLOMBIA S.A.S. con NIT 901397086, sociedad domiciliada en la ciudad de Gir\u00f3n, es responsable del tratamiento de los datos personales que usted nos est\u00e1 permitiendo recolectar seg\u00fan la ley 1581 de 2012. La informaci\u00f3n que usted nos est\u00e1 suministrando puede ser objeto de recolecci\u00f3n, estudio, organizaci\u00f3n, clasificaci\u00f3n, divulgaci\u00f3n, transferencia, almacenamiento, an\u00e1lisis y en general la utilizaci\u00f3n y tratamiento por parte de LA EMPRESA directamente o a trav\u00e9s de terceros, con el fin de:<\/p>\n<p data-fusion-font=\"true\" style=\"text-align: justify; font-size: 14px; font-family: Poppins; font-weight: 400;\" data-fusion-google-font=\"Poppins\" data-fusion-google-variant=\"400\">a) Dar cumplimiento a la relaci\u00f3n contractual existente entre el titular de los datos y EMPRESA, incluido el cumplimiento de obligaciones laborales o crediticias, as\u00ed como las relaciones contractuales con terceras personas. b) Proveer los productos y servicios requeridos por sus clientes. c) Informar al titular sobre noticias, eventos, novedades de la empresa, promociones de productos y servicios o avisos institucionales, entre otros, por v\u00eda telef\u00f3nica, electr\u00f3nica, postal o cualquier otro medio que EMPRESA considere id\u00f3neo para el prop\u00f3sito. d) Realizar estudios internos demogr\u00e1ficos, estad\u00edsticos y sobre h\u00e1bitos de consumo. e) Conservar la seguridad de personas, bienes e instalaciones de EMPRESA, especialmente en el caso de datos obtenidos mediante c\u00e1maras de seguridad o documentos entregados por los titulares al personal de seguridad. f) Publicar opiniones y recomendaciones en la p\u00e1gina web institucional o en otros medios publicitarios. g) Ser utilizados en el desarrollo de las funciones propias de la compa\u00f1\u00eda seg\u00fan su objeto social, la consecuci\u00f3n de las obligaciones emanadas de los contratos civiles y laborales y en especial las siguientes: 1. Realizar pagos de salarios a trav\u00e9s de entidades Bancarias. 2. Realizar reporte y pagos de seguridad social. h) Organizar, sistematizar y entregar la informaci\u00f3n exigida por las entidades estatales y de control tales como UGPP, Ministerios, Superintendencias, DIAN, Despachos judiciales y todas aquellas que por su funci\u00f3n legal requieran informaci\u00f3n referente a la empresa y sus clientes o trabajadores. i) Registro y control de las actividades realizadas por el trabajador, as\u00ed como la verificaci\u00f3n del cumplimiento de los reglamentos y lineamientos de Seguridad y Salud en el Trabajo u otros afines. j) Ser aportados como evidencia para la defensa de los intereses de la empresa ante entidades administrativas y despachos judiciales en donde la empresa o uno de sus clientes sea parte. k) Transferir y\/o Trasladar los contratos laborales, las hojas de vida y cualquier informaci\u00f3n recabada durante la relaci\u00f3n laboral para que estas a su vez puedan suministrarla a los apoderados judiciales y legales con que cuente la firma para que pueda ser estudiada en su integralidad y\/o aportada como prueba dentro cualquier proceso judicial, extrajudicial o administrativo en que sea necesario a juicio de los apoderados que se designen para el efecto. Lo anterior, aunque funja o no la empresa como parte en tales procesos judiciales y\/o administrativos. l)Realizar an\u00e1lisis y estudios de los contratos laborales as\u00ed como de la informaci\u00f3n y datos personales a partir de esta para el mejoramiento continuo de las pol\u00edticas laborales de la empresa y el bienestar de sus trabajadores. m) Transferir estos datos a terceros con quienes se haya firmado un convenio al respecto. n) Comunicarse con el titular por medio telef\u00f3nico, electr\u00f3nico o cualquier otro. o) Cualquier otro aspecto que la empresa considere conveniente o que se requiera para el cumplimiento de su objeto social. p) Dar cumplimiento a sus obligaciones civiles, comerciales, laborales, tributarias, contables, contractuales y de cualquier otra \u00edndole. r) Todos los dem\u00e1s necesarios para el cumplimiento del objeto social.<\/p>\n<p data-fusion-font=\"true\" style=\"text-align: justify; font-size: 14px; font-family: Poppins; font-weight: 400;\" data-fusion-google-font=\"Poppins\" data-fusion-google-variant=\"400\">Le informamos que usted tiene derecho a consultar toda la informaci\u00f3n suya que reposa en nuestras bases de datos, as\u00ed como modificarla, actualizarla, corregirla o suprimirla, previa solicitud. Usted no est\u00e1 obligado a proporcionarnos datos sensibles, es decir aquellos que afectan su intimidad o pueden llegar a causar discriminaci\u00f3n en su contra.<\/p>\n<p data-fusion-font=\"true\" style=\"text-align: justify; font-size: 14px; font-family: Poppins; font-weight: 400;\" data-fusion-google-font=\"Poppins\" data-fusion-google-variant=\"400\">M\u00e1s informaci\u00f3n sobre el tratamiento que se dar\u00e1 a esos datos, finalidades del tratamiento y sus derechos como titular, entre otros, puede ser consultada en nuestras, solicit\u00e1ndolas a trav\u00e9s del correo electr\u00f3nico info@greenplast.com.co <\/p>\n<p data-fusion-font=\"true\" style=\"text-align: justify; font-size: 14px; font-family: Poppins; font-weight: 400;\" data-fusion-google-font=\"Poppins\" data-fusion-google-variant=\"400\">Habiendo le\u00eddo lo anterior, usted autoriza de manera previa, voluntaria e informada a la GREENPLAST COLOMBIA S.A.S. para que d\u00e9 tratamiento a los datos que nos est\u00e1 proporcionando de acuerdo con sus pol\u00edticas y procedimientos sobre protecci\u00f3n de datos personales y con los fines establecidos por estas.<\/p>\n<p data-fusion-font=\"true\" style=\"text-align: justify; font-size: 14px; font-family: Poppins; font-weight: 400;\" data-fusion-google-font=\"Poppins\" data-fusion-google-variant=\"400\">Para cualquier duda, comun\u00edquese con nosotros:<\/p>\n<p data-fusion-font=\"true\" style=\"text-align: justify; font-size: 14px; font-family: Poppins; font-weight: 400;\" data-fusion-google-font=\"Poppins\" data-fusion-google-variant=\"400\">Direcci\u00f3n: Cra 14 N. 57-35 Km 7 V\u00eda gir\u00f3n Bucaramanga<\/p>\n<p data-fusion-font=\"true\" style=\"text-align: justify; font-size: 14px; font-family: Poppins; font-weight: 400;\" data-fusion-google-font=\"Poppins\" data-fusion-google-variant=\"400\">Tel\u00e9fono: +57 3183503959<\/p>\n<p data-fusion-font=\"true\" style=\"text-align: justify; font-size: 14px; font-family: Poppins; font-weight: 400;\" data-fusion-google-font=\"Poppins\" data-fusion-google-variant=\"400\">Correo electr\u00f3nico: info@greenplast.com.co<\/p>\n<\/div><\/div><style type=\"text\/css\">.fusion-body .fusion-builder-column-0{width:100% !important;margin-top : 0px;margin-bottom : 0px;}.fusion-builder-column-0 > .fusion-column-wrapper {padding-top : 0px !important;padding-right : 0px !important;margin-right : 1.92%;padding-bottom : 0px !important;padding-left : 0px !important;margin-left : 1.92%;}@media only screen and (max-width:1024px) {.fusion-body .fusion-builder-column-0{width:100% !important;}.fusion-builder-column-0 > .fusion-column-wrapper {margin-right : 1.92%;margin-left : 1.92%;}}@media only screen and (max-width:640px) {.fusion-body .fusion-builder-column-0{width:100% !important;}.fusion-builder-column-0 > .fusion-column-wrapper {margin-right : 1.92%;margin-left : 1.92%;}}<\/style><\/div><\/div><style type=\"text\/css\">.fusion-body .fusion-flex-container.fusion-builder-row-1{ padding-top : 0px;margin-top : 0px;padding-right : 0px;padding-bottom : 0px;margin-bottom : 0px;padding-left : 0px;}<\/style><\/div>\n","protected":false},"excerpt":{"rendered":"","protected":false},"author":1,"featured_media":0,"parent":0,"menu_order":0,"comment_status":"closed","ping_status":"closed","template":"","meta":{"footnotes":""},"class_list":["post-5233","page","type-page","status-publish","hentry"],"acf":[],"_links":{"self":[{"href":"https:\/\/greenplastcol.com\/web\/wp-json\/wp\/v2\/pages\/5233","targetHints":{"allow":["GET"]}}],"collection":[{"href":"https:\/\/greenplastcol.com\/web\/wp-json\/wp\/v2\/pages"}],"about":[{"href":"https:\/\/greenplastcol.com\/web\/wp-json\/wp\/v2\/types\/page"}],"author":[{"embeddable":true,"href":"https:\/\/greenplastcol.com\/web\/wp-json\/wp\/v2\/users\/1"}],"replies":[{"embeddable":true,"href":"https:\/\/greenplastcol.com\/web\/wp-json\/wp\/v2\/comments?post=5233"}],"version-history":[{"count":6,"href":"https:\/\/greenplastcol.com\/web\/wp-json\/wp\/v2\/pages\/5233\/revisions"}],"predecessor-version":[{"id":5302,"href":"https:\/\/greenplastcol.com\/web\/wp-json\/wp\/v2\/pages\/5233\/revisions\/5302"}],"wp:attachment":[{"href":"https:\/\/greenplastcol.com\/web\/wp-json\/wp\/v2\/media?parent=5233"}],"curies":[{"name":"wp","href":"https:\/\/api.w.org\/{rel}","templated":true}]}}